Calculate the greatest common divisor of 39 and l.
39
Let i be (-18)/48 + 6/16 + 15. Let s = 23 + -12. Let g = s + -8. Calculate the highest common divisor of g and i.
3
Suppose 0 = -30*q + 2536 + 1154. Calculate the highest common divisor of q and 4428.
123
Suppose -82*x + 4*a + 32 = -79*x, -2*x - 3*a + 27 = 0. What is the highest common divisor of 588 and x?
12
Suppose -8*g - g + 36 = 0. Suppose 54 = -g*y + 5*y. Suppose -f - 2*f = -y. Calculate the highest common factor of 27 and f.
9
Suppose -4*j - 910 = 2*i, i - 301 = -5*j - 1446. Let m = -210 - j. What is the highest common factor of 90 and m?
10
Let d be -5 + (30 - -21)*(-4)/(-6). Suppose 730 = 4*x - 546. Calculate the greatest common divisor of x and d.
29
Suppose -1469*o = -1466*o - 144. Calculate the highest common divisor of 54 and o.
6
Suppose l = 2*a + 7 + 5, 0 = -4*a - 16. Let v(x) = -x**2 + 5*x. Let w be v(l). Suppose w*c - 3*c = 9. What is the greatest common factor of c and 72?
9
Let k(j) = -j - 6. Let l be k(-11). Suppose -12*i - l*i = -1275. What is the greatest common factor of i and 30?
15
Let o(w) = -24*w**2 - 1129*w - 1. Let x be o(-47). What is the greatest common factor of x and 38?
2
Suppose -65*o - 11520 = -69*o. Suppose -o = -13*r + 3*r. Calculate the greatest common divisor of r and 36.
36
Suppose 3*c - 30 - 92 = -h, -3*c + h = -118. Let i be (18/81)/(6 + ((-1345)/225)/1). What is the highest common divisor of c and i?
10
Suppose 0 = -167*p + 169*p - 168. Suppose 0 = y, -2*y = 3*j + 3*y - p. Let z be (2 - 134/(-3))*3. Calculate the greatest common divisor of j and z.
28
Let i = 6817 + -4963. What is the highest common divisor of i and 824?
206
Suppose 0 = 48*o - 70432 - 114896. What is the highest common factor of 33 and o?
33
Let l = -275 + 677. What is the highest common factor of 6 and l?
6
Suppose -3*s + 4 = -3*n + 2*s, 0 = 2*s + 8. Let g(a) = -3 - 10 + 1 - 5*a. Let j be g(n). What is the highest common factor of 4 and j?
4
Suppose -2428 + 180 = -22*y - 686. What is the highest common divisor of y and 3053?
71
Let u(h) = h**2 + h - 2. Let k be u(1). Let l be -1 + k + (-5 - 2*-18). Let i = 38 - l. Calculate the greatest common factor of i and 72.
8
Let p be 8/(-32) + 318/(-8). Let o = 184 - p. Calculate the highest common divisor of 128 and o.
32
Let f(k) = -30*k + 3. Let t be f(1). Let o be ((-48)/(-20))/(t/(-90)). Calculate the greatest common divisor of 8 and o.
8
Let l(p) = 7*p**3 - 21*p**2 + 9*p - 8. Let h(d) = d**3 - 2*d + 1. Let v(n) = -6*h(n) + l(n). Let o be v(20). Calculate the greatest common divisor of 438 and o.
6
Suppose 62*g - 133*g = -59*g - 4464. What is the greatest common divisor of 8 and g?
4
Let v(q) = -q**3 + 20*q**2 + 134*q - 10. Let w be v(25). Let a be -1 + -1 + (7 - 0). Calculate the highest common divisor of a and w.
5
Suppose 0 = -2*z - 12, u + 11*z - 378 = 8*z. Calculate the greatest common factor of u and 81.
9
Let d be (-4576)/(-832)*368/22. What is the greatest common factor of 1978 and d?
46
Let t(z) = -3*z + 2. Let a be t(-5). Suppose -153*p = -101*p + 132*p - 46920. What is the greatest common divisor of a and p?
17
Suppose -4*u = -3*t - 744, 3*t - 720 = -6*u + 2*u. Suppose 197 = 19*a - u. Calculate the greatest common divisor of a and 230.
10
Let p be ((-15576)/(-590))/((-6)/(-3830)). What is the greatest common factor of p and 44?
44
Suppose -5*t = -5*v + 500, -124 = 3*v + t - 416. Let a(l) = 2*l**2 + 64*l + 147. Let p be a(-32). What is the highest common divisor of p and v?
49
Let y(i) = 135*i**3 + 7*i**2 + i - 6. Let l be y(1). Calculate the highest common divisor of l and 11371.
137
Let w be (-5)/(-30) - (766/(-48) - 4/(-32)). What is the highest common factor of w and 5552?
16
Let s(h) = -36*h**2 - 18*h - 52. Let g be s(-3). Let c = g + 328. Let v(o) = 9*o - 6. Let r be v(4). Calculate the highest common factor of r and c.
6
Let q be (-405)/(-10) + (-56)/(-16). Let h = 1 + q. What is the greatest common factor of 36 and h?
9
Suppose 130*h - 48821 = 24*h - 12781. What is the greatest common divisor of 6545 and h?
85
Suppose 0*l = -l + 5, -2*l = -5*v + 10. Let a(w) = 50*w - 56. Suppose 14 = 4*n + 6. Let p be a(n). Calculate the highest common divisor of p and v.
4
Let j = -127 + 163. Let z be 1108/6 + j/(-54). Let a = -2 - -10. Calculate the highest common factor of a and z.
8
Let j be ((-28)/(-6))/((-81)/(-143856)). Calculate the highest common divisor of j and 84.
28
Let x be (15 - -1) + 0 + 0. Let q(w) = 209*w + 31. Let g be q(4). Suppose 192 = g*a - 864*a. Calculate the greatest common factor of x and a.
16
Let x = -23584 + 23610. What is the highest common factor of 35542 and x?
26
Let s be 26 + 12 + 7 + 3. Calculate the greatest common factor of 93 and s.
3
Let r(q) = -q + 6. Let g be r(7). Let j = 88 - 54. Let t = g + j. Calculate the highest common divisor of 3 and t.
3
Let t = 14223 + -13908. Calculate the highest common divisor of t and 189.
63
Let s = -1960 + 1976. What is the greatest common divisor of 16200 and s?
8
Let q(w) = -31911*w - 260. Let s be q(-1). Calculate the greatest common factor of 31 and s.
31
Let g = -2167 - -3511. Calculate the greatest common factor of 60 and g.
12
Suppose 37*n - 477 = -1698. Let l = n + 167. What is the highest common divisor of l and 603?
67
Let y be ((-24)/14)/(52/(-546)). Let i be ((-180)/5)/((-2)/15). Calculate the greatest common divisor of i and y.
18
Suppose 2187 = -7*q + 16*q. Let b be 10*7/(-70)*-9. What is the greatest common factor of q and b?
9
Suppose 5*u + 29 = 9. Let b be (-1 + 0)/((-3)/u - 1). Suppose q + 0*q = 3*r - 3, -18 = -b*q - 3*r. Calculate the highest common factor of 39 and q.
3
Suppose -4 + 15 = z. Suppose -6*x - 145 = -z*x. Let i = -21 + x. What is the highest common divisor of i and 4?
4
Suppose 60 = 11*a - 72. Let s be 2670/a - (-3)/(-2). What is the greatest common factor of 17 and s?
17
Suppose -3*b = -3*h - 2451, b - 4*h - 797 = -7*h. Calculate the highest common divisor of b and 3712.
116
Let k be (4/6)/((-30)/(-45)). Suppose -l - 4*v = -3*v + k, 4*l - v - 21 = 0. Let t be 448/208 - l/26. Calculate the greatest common divisor of 14 and t.
2
Let z = 16763 - 7651. What is the highest common factor of z and 67?
67
Let i(d) = -2*d**3 - 11*d**2 - d + 18. Let f be i(-6). Suppose -270*u - f = -274*u. What is the highest common divisor of u and 25?
5
Let d = 183 + 165. What is the greatest common divisor of d and 812?
116
Let y(c) = 48*c**2 - 4*c - 1. Let n be y(1). Suppose 0 = 3*t + 4*k - 500, -4*t + 14*k - 11*k + 700 = 0. What is the greatest common divisor of n and t?
43
Suppose 5*y = -52*p + 51*p + 368, 128 = 2*y - 2*p. Let g = -12 - -18. What is the highest common factor of y and g?
6
Suppose -o + z = -3, 7*o + 28 = 8*o + 4*z. Let u = -11 - -19. What is the highest common divisor of u and o?
8
Let d = 48 - 35. Suppose 45 - 19 = d*k. What is the highest common factor of 1 and k?
1
Suppose 81 + 75 = -2*p + 3*q, 3*p - q + 220 = 0. Let x be ((-21)/28)/(2/p). Suppose -55*u + 51*u + 1188 = 0. What is the greatest common factor of u and x?
27
Suppose 0 = 35*y - 32*y + 2*b - 23, y = -3*b + 17. Calculate the highest common divisor of y and 320.
5
Let b be 4/(4700/23750 - (-3)/(-19)). Let j be 40/(5/(105/6)). Calculate the greatest common divisor of b and j.
20
Suppose 2 = t, 9*f - t = 7*f + 60. Let z(y) = 10*y - 230. Let a be z(f). What is the greatest common divisor of 128 and a?
16
Let g = -1322 + 1356. Calculate the highest common factor of g and 561.
17
Suppose 0 = 5*c + 5*u + 812 - 2962, -4*c = -5*u - 1738. Calculate the highest common divisor of 128 and c.
16
Let l = -1652 - -1817. Calculate the highest common factor of l and 121.
11
Let s = 537 - 249. Let i be 21*((-16)/14 - -2). What is the highest common divisor of s and i?
18
Suppose 91 = 8*m - 21. Let i be -4 + (-332)/(-2) + -1. What is the greatest common factor of i and m?
7
Let w(n) = 17*n**2 - 2*n + 3. Let x be w(2). Let c = 61 - x. Let k = 17 + c. Calculate the greatest common divisor of 33 and k.
11
Let q be (-160)/140 - 5588/(-14). Let o = 596 - q. What is the greatest common divisor of 462 and o?
66
Let j be (-197334)/(-261) - (-8)/(-116). Calculate the highest common factor of 168 and j.
84
Let g = 58 - 16. Suppose -12*u - 975 = -1023. Suppose 2352 = u*k + 38*k. What is the high